(-2). Determine d(a).
-2
Let m(x) be the second derivative of x**7/2520 - x**6/80 - x**5/30 + 5*x**4/4 - 105*x. Let w(l) be the third derivative of m(l). What is w(10)?
6
Let d(u) = 10*u**2 - 3*u + 8. Let z(q) = -7*q**2 + q - 9. Let t(p) = -2*d(p) - 3*z(p). What is t(-5)?
21
Let w(m) = 3*m**3 + m - 10237 - 2*m**3 + 10213. Let p(a) = 11*a - 66. Let q be p(6). What is w(q)?
-24
Let q(c) be the third derivative of -c**4/24 + 2*c**3/3 - c**2. Suppose 5*v - 65 = 4*h, 1252*v - 1247*v - 45 = 0. Determine q(h).
9
Let j(g) = -g**3 - 19*g**2 + 22*g + 13. Let k be -4 - (3/(-12))/((-29)/1856). Determine j(k).
-27
Suppose 4*l - 12 = -0*l. Let m(g) = 30*g - 1 - 31*g + l. Let n = -43 - -48. What is m(n)?
-3
Let p(c) = 13*c + 655 - 155 - 181 - 177 - 184. What is p(4)?
10
Let c(h) be the first derivative of -2*h**3/3 + h**2/2 - 17. Let q be 6 - (1 + 5) - -7 - 6. Calculate c(q).
-1
Suppose 0 = 37*c - 75 - 73. Let m(u) = -1 + 4 - c*u + u - 2 + 4*u. Give m(-5).
-4
Suppose -2*q - 3*q + 15 = 0. Suppose -3*l = -u + 2, -l - 5*u + 19 = -7. Let p(a) = a + 1 + 3968*a**2 + l - 3966*a**2. What is p(q)?
23
Suppose g - 12*g + 11 = 0. Let n(w) = 1 + 2 - 1 - w - g. Give n(0).
1
Let y(w) = 8*w**2. Let x = 362 - 362. Suppose 11*b = -11 - x. Give y(b).
8
Suppose -4*c - 61 + 37 = -2*w, 0 = -3*c - 5*w - 18. Let m(b) = b**2 + 4*b + 5. Let f(t) = -t**2 - 5*t - 6. Let v(h) = -4*f(h) - 3*m(h). Determine v(c).
-3
Let w = 6 - 4. Let h(v) = -2*v + 3. Let z be h(w). Let q(t) be the first derivative of -3*t**2 - t + 29. Calculate q(z).
5
Let n = -93 + 362. Suppose 0 = -3*i - 0*i + y + 410, 4*i - 548 = y. Let d(w) = -i*w - 134*w - 8 + n*w. Determine d(-6).
10
Let p(g) = 1090*g - 18531. Let a be p(17). Let b(f) = -16*f**2 + 7*f + 10. Give b(a).
-13
Let t(r) = -221*r - 22 - 5 + 0 - 237*r + 453*r. Determine t(-10).
23
Let u = -1786 - -1781. Let t(s) = -20*s - 108. What is t(u)?
-8
Let u be (-35900)/(-1795) + 1*-15. Suppose -5*x = -0*x - 5. Let h(t) = -t - 1. Let g(s) = s**2 - 10*s - 3. Let n(o) = x*g(o) - 6*h(o). Give n(u).
8
Let v(d) = -9*d**2 + 3. Let i(l) = 398*l - 1590. Let k be i(4). What is v(k)?
-33
Let z(r) be the second derivative of 1/12*r**4 + 3/2*r**3 + 1 + 7/2*r**2 - 178*r. What is z(-4)?
-13
Let n(q) = 139*q - 143 + 122 - 141*q. Let o(u) = -u - 10. Let a(m) = -3*n(m) + 7*o(m). Suppose 12 = 3*r - 4*r. Calculate a(r).
5
Let a(v) = v - 2. Suppose 8 = i + 4*j - 3*j, 0 = 3*j - 15. Let p(y) = y + 2. Let n(d) = i*p(d) + 2*a(d). Give n(-3).
-13
Let b(y) = -y**2 - 6*y + 5. Suppose 46 = j + 11. Let w be (-1 + 2)/(-11 - (-380)/j). Determine b(w).
-2
Suppose 4*q - 12 = 3*u, u + 57 = 53. Let z(f) = 4*f - 6. Let m(j) = 3*j - 6. Let i(l) = 3*m(l) - 2*z(l). Determine i(q).
-6
Suppose 0 = -23*q - 3*q - 286. Let g(m) = -93 + 37 - 2*m + 38. Determine g(q).
4
Let p(q) be the third derivative of q**5/60 - q**4/6 - 2*q**3 - 2149*q**2. What is p(12)?
84
Let a(r) = -152 - 87 - r**2 + 24*r + r + 161. Determine a(23).
-32
Let n(k) be the first derivative of -k**4/4 + 2*k**3/3 + k**2 - k + 45. Let f = 1061 - 1058. Give n(f).
-4
Let r(l) = -17*l - 23. Let q(p) = 6*p + 8. Let v(d) = -11*q(d) - 4*r(d). Suppose -4*n + 5*c = -37, 5*c = 3*n + 10 - 44. Let s = -7 + n. Give v(s).
-4
Let d(c) = -c**2 + 8*c + 5. Let y be d(7). Let o = y - 12. Let n(k) be the third derivative of -k**4/24 + k**3/2 + 14*k**2 + 9*k. Give n(o).
3
Let a(h) = -h**2 + 15*h - 15. Let n be a(10). Let z = 38 - n. Suppose -2*y = z - 23. Let d(q) = q**2 - 11*q + 5. Give d(y).
-5
Let c = 595 + -595. Let l(y) = c*y - 19*y - y**2 - 5 + 3*y + 10*y. What is l(-4)?
3
Let h(v) = v**2 + 4*v - 6. Let q = -136 + -157. Let a = q + 287. Give h(a).
6
Let x(p) = 3*p**2 + 9*p - 10. Let i be x(-5). Suppose 5*r - 15*r + i = 0. Let w(z) = -2 + 11 + r*z - 8. Calculate w(-3).
-5
Let r(c) = -7*c**3 + 3*c**2 - 10*c - 25. Let a(t) = -18*t**3 + 5*t**2 - 21*t - 57. Let z(w) = -2*a(w) + 5*r(w). What is z(-3)?
31
Suppose 22*d + 59 = -59 - 58. Let a(n) = 23*n + n**2 + 0*n**2 + 2*n**2. Let l be a(d). Let k(c) = c - 5. What is k(l)?
3
Let c = 361 + -351. Suppose -3*j + c = -j - 2*l, -3*j + 21 = -l. Let g(p) be the second derivative of -p**3/6 + p. Calculate g(j).
-8
Suppose 5*a - a - 5*d = 165, -3*d - 126 = -3*a. Let p = a - 45. Suppose p = 2*s + 4. Let i(c) = -4*c. Determine i(s).
8
Suppose -32*i + 31*i = 18. Let z be (-3)/(-18) - (-75)/i. Let x(n) = 4*n**2 + 2*n - 2. Let r(p) = -5*p**2 - p + 2. Let h(v) = z*x(v) - 3*r(v). Calculate h(-7).
-12
Suppose 3*k = -9*w + 5*w + 218, 0 = -2*k - 2*w + 148. Let x be (1 - -9)*k/(-130). Let a(j) = -j**2 - 6*j - 9. Calculate a(x).
-9
Let m(t) be the second derivative of -17*t**3/6 + 98*t**2 - 5696*t. What is m(12)?
-8
Let k(t) be the second derivative of 43*t + 5*t**2 + 0 + 5/6*t**3. What is k(-4)?
-10
Let a(f) = -f**3 - 5*f**2 + f - 1. Let p(q) = -5*q - 22. Let z be p(-4). Let b be (1 + 5/(-2))/(1/z). Let v be (4 - 6) + b - (5 + 0). Determine a(v).
-21
Let w(p) = -8*p + 2. Suppose 4*f = -2*h - 2*h + 140, 0 = -4*f + 4*h + 148. Suppose -41*a + f*a - 16 = -2*s, 0 = -3*a - 4*s + 6. What is w(a)?
18
Let f(v) = 2*v**3 + 28*v**2 - 28*v + 32. Suppose -21*j - 69*j + 11*j = 1185. Calculate f(j).
2
Let b = 21 + -25. Let h(d) = -5*d**3 - 7*d**2 + 11*d + 7. Let k(y) = 4*y**3 + 7*y**2 - 10*y - 7. Let m(f) = b*k(f) - 3*h(f). Calculate m(-8).
15
Let f(q) = -q**3 - 8*q**2 - 5*q + 8. Let b be 1/3*(0 - 39)*-1. Suppose 21 = b*l - 16*l. What is f(l)?
-6
Suppose -3*r + 3*g - 14 = 1, 1 = r + 2*g. Let a be -4 + 3 + r - -6. Let b(s) = -2 + 3*s - 2*s - 8*s**a + 11 + 7*s**2. What is b(0)?
9
Let o(p) = -3*p - 25. Let b be 12 - ((-276)/(-66) - 7 - 2/11). Give o(b).
-70
Let u(h) = -2*h**3 - 21*h**2 + 11*h + 7. Let v be u(-11). Suppose -k - 6 = -3*k. Let m(g) = g - 3 + 3*g - k*g. Determine m(v).
4
Let i(j) = -2*j + 5. Let c be (-2 + 1)*(-22 - -20). Determine i(c).
1
Suppose -100*p + 119*p = 684. Let g(z) = z**3 - 34*z**2 - 71*z - 34. Calculate g(p).
2
Suppose -17*r - 4*v - 35 = -22*r, -r - 4*v = -31. Let z(a) = -5*a + 3. Let s(x) = 9*x - 7. Let m(c) = r*z(c) + 6*s(c). Determine m(-8).
-1
Let y(b) = -b**3 + 11*b**2 - 11*b + 15. Let p be y(10). Let i(d) = 0*d - 5*d - d**3 + 3*d + 3 - 2*d**2 + p*d**2. Determine i(2).
3
Let x(s) be the third derivative of -s**5/60 - s**4/24 + s**3/6 + 91*s**2. Let o(j) = 5*j**2 + 11*j - 2. Let l(w) = o(w) + 6*x(w). Give l(6).
-2
Let x(b) = -3*b**3 + b**2 + 11*b - 4. Let a(z) = 8*z**3 - 5*z**2 - 33*z + 13. Let c(r) = 4*a(r) + 11*x(r). What is c(-8)?
32
Let l(j) = -j**3 + 7*j**2 - j + 9. Let m be l(7). Suppose 56*d - 58*d + 6 = 0. Let o(s) = -3 + 4*s**d - 3*s**2 - 340*s + 342*s - 3*s**3. Determine o(m).
-3
Let s(o) = o - 2. Suppose -10*l + 2*f - 100 = 0, -f + 14 + 16 = -3*l. What is s(l)?
-12
Let n(s) = -s**3 - 4*s**2 + 5*s - 7. Suppose 221 = -4*l - 51. Let c = -64 - l. Suppose m - 18 = 2*x + x, x = c*m - 17. What is n(x)?
-7
Suppose 10 = -5*h - 0. Let q be h/5*-5*-1. Let n be (-140)/(-10)*(-1)/q. Let l(z) = -z + 1. Calculate l(n).
-6
Let a(m) = 12*m - 22. Let i(z) = -z**2 + 43*z + 410. Let b be i(-8). Calculate a(b).
2
Let u(b) = -5*b**2 + 0*b**2 + 3*b**2 + 16*b - 6*b**2 - 47 + 7*b**2. Calculate u(9).
16
Let x(l) be the second derivative of l**5/20 + l**4/2 - 5*l**3/6 + 2*l**2 + 9079*l. Let n(t) = -t**3 - t**2 - t - 7. Let a be n(0). Calculate x(a).
-10
Let h(b) = 4*b - 98. Let n be h(25). Suppose -4*c - 64 = -4*x - 16, 4*c = n*x - 32. Let p(u) = u - 7*u - 9 + u**2 + 0*u. Determine p(x).
7
Let o(l) = -3*l - 4. Let p(z) be the first derivative of z**2/2 + z - 8. Suppose -3*g = 3*r + 24, -5*g - 3 - 5 = -3*r. Let n be p(r). What is o(n)?
5
Let c(s) = s**3 - s**2 + s. Let w(j) = -4*j**3 + 6*j**2 - 21*j + 60. Let l(m) = -3*c(m) - w(m). Give l(3).
-6
Let x(w) = 3*w**3 - 16*w**2 + 9*w - 16. Suppose -2*m - 33*f + 30*f + 31 = 0, 5*m - 32 = -f. Determine x(m).
4
Let i(k) be the first derivative of -k**5/60 - k**4/24 + 128*k**3/3 + 129. Let f(l) be the third derivative of i(l). Calculate f(-1).
1
Let c(k) = -2*k**2 + 89*k - 214. Let r be c(42). Let o(f) = 2*f - 13. Determine o(r).
-21
Let h be (-2 - 24/(-15)) + (-1486)/10. Let o = 158 + h. Let c(w) = w**2 - 17*w - 9*w + 19*w - 7. What is c(o)?
11
Suppose -2*m - 11 = -t, -2*t - 40 = 4*m + 2*t. Let k be (-1575)/(-13) - -2 - (-156)/(-1014). Let r(g) = 45*g + 40*g - k*g + 41*g - 5. What is r(m)?
-2